uppose 2*j - 1 - 89 = y. List the prime factors of j.
3, 5
Let u(o) = 3608*o**2 - 31*o - 2. List the prime factors of u(1).
5, 11, 13
Let u(q) = -q**3 + 8*q**2 - q + 9. Let i be u(8). Suppose i = m - 0. Let j = 4 + m. What are the prime factors of j?
5
Let p(q) = q**3 - 7*q**2 + 2*q - 4. Let o(m) = m**3 - 13*m**2 + 14*m - 17. Let f be o(12). Let z be p(f). What are the prime factors of (-4 + z)/(3/16)?
2
Suppose 113*t - 55*t = 28362. What are the prime factors of t?
3, 163
Suppose 0*n - 4 = 4*q + n, n = -4. Suppose -3*a - 7*a + 490 = q. What are the prime factors of a?
7
Let v = 2258 + 2122. What are the prime factors of v?
2, 3, 5, 73
List the prime factors of ((-19)/(-3))/(20912/(-5232) + 4).
19, 109
Let b(g) = -g**2 + 17*g + 36. Let v be b(19). List the prime factors of 1/v + (2715/10 - -5).
2, 3, 23
Let s(u) = -2*u - 24. Let g be s(-8). List the prime factors of 3*(-28)/g*(-8)/(-12).
7
Let v = -97 - -99. Suppose -6*m = -2*m - 8, 0 = -g + v*m + 81. List the prime factors of g.
5, 17
Let m be -22*1/(-4)*14. Let j(t) = -6*t - 12. Let f be j(-10). Let p = m - f. List the prime factors of p.
29
Let w = -37 - -79. Suppose 3*g - 129 - w = 0. Suppose 0*b - 3*b = -g. What are the prime factors of b?
19
Let a(o) = 37*o**2 - o - 1. Let h(x) = -x**3 + 2*x**2 + 10*x - 7. Let l be h(4). List the prime factors of a(l).
5, 7
Suppose -10*r + 13*r = 5*n - 3448, 0 = 4*n + 4*r - 2752. What are the prime factors of n?
13, 53
Suppose -236 = 3*i + 2*w, -i - 74 = 3*w - 0*w. Let a = -60 - i. List the prime factors of a.
2, 5
Let d be ((-9)/3 - 2) + 6. Let t(q) = 16*q**3 + q**2 - q - 1. List the prime factors of t(d).
3, 5
Let b be -5*((-60)/(-25) - 3). Let j(a) = 12*a**2 - 7*a + 3. List the prime factors of j(b).
2, 3, 5
Let r = -217 - -506. What are the prime factors of r?
17
Suppose 2*n + 3 - 11 = 0. Suppose -m = -3*c + 45 + 43, -4*c = n*m - 144. What are the prime factors of c?
31
Suppose -3*t + t + 42 = 5*b, 0 = 3*b. What are the prime factors of t + -23 + (59 - 0)?
3, 19
Suppose 2*d = -0*d - 4*t - 44, 5*d = -3*t - 89. Let y = -1 - -2. List the prime factors of (-32)/d + 37*y.
3, 13
Suppose 3*o - c + 622 = 0, 4*c + c = -5*o - 1050. Let x be (1 - -1 - 1)*-1. What are the prime factors of (o - -4)/4*x?
3, 17
Let t be 8/(-3)*63/6. Let b = 124 + t. What are the prime factors of b?
2, 3
Suppose b - 8140 = -2*b - 4*u, -2*b + 5465 = -5*u. Suppose 18*q = 28*q - b. What are the prime factors of q?
2, 17
Let j(v) = v**3 - 13*v**2 + 10*v + 41. Let g be j(12). Suppose 0 = -g*u + 16*u + 81. What are the prime factors of u?
3
Suppose 0 = -j - 2*d + 270, -4*j + 1350 = j + 4*d. Suppose -2*u + u = b - 100, -3*b = -3*u + j. List the prime factors of u.
5, 19
Let z(i) be the second derivative of i**3/6 + 15*i**2/2 + 2*i. List the prime factors of z(-5).
2, 5
List the prime factors of 2 - (-315 + (-4 - 1) + 4).
2, 3, 53
Let t = -11 + 12. Let w be 5/(-25) + 1026/5 + 1. Suppose -t = i + 1, 4*b = 3*i + w. What are the prime factors of b?
2, 5
Let l(w) = 348*w - 497. What are the prime factors of l(8)?
2287
Let w(c) = 3*c + 23. Let m be w(-7). Let b(s) = 71*s - 10. List the prime factors of b(m).
2, 3, 11
List the prime factors of 1/7*-1 + (-535119)/(-273).
2, 5, 7
Let m be -3 + (0 - 18/(-8))*4. What are the prime factors of (-1)/m*-2 + (-1356)/(-9)?
151
Suppose 0*c - 2*c + 146 = 0. Let y = -31 + -15. Let u = c + y. What are the prime factors of u?
3
Suppose 40938 = 25*f - 4562. List the prime factors of f.
2, 5, 7, 13
Let b(j) = j**3 - 17*j**2 + 31*j - 4. List the prime factors of b(15).
11
Suppose -5*r + 5 = -0*r, 5 = -2*j - r. What are the prime factors of (0 - -3)*(j - -44)?
3, 41
Let l(i) = 3*i**3 + 3*i**2 - 2*i + 18. What are the prime factors of l(8)?
2, 5, 173
Suppose -6*d + 16564 = -11546. List the prime factors of d.
5, 937
Suppose 5*z = d - 4, z - 5*z + 2*d - 8 = 0. Let h(w) = -5*w**3 + 2*w**2 - w + 1. Let y be h(2). Let g = z - y. List the prime factors of g.
3, 11
Let b(d) = d - 1. Let k be (-17)/(-2) - (-4)/8. What are the prime factors of b(k)?
2
Let f(q) be the second derivative of -q**5/20 + 5*q**4/12 - q**3/2 + q**2/2 + 2*q. Let n be f(4). Suppose 0 = -n*h + 3 + 27. What are the prime factors of h?
2, 3
Suppose i - t = -0*i + 4141, 0 = 4*i - 5*t - 16567. List the prime factors of i.
2, 2069
Let f(a) = 5*a**3 + 9 + 7*a**2 - 3*a**3 - 6*a - 3*a**3. Suppose -4*y + 3*d + 27 = 0, 0 = 3*y - 2*y - 4*d - 10. What are the prime factors of f(y)?
3
Suppose 3*m = 3*y + 5916, 2*m + 3*m + y - 9836 = 0. What are the prime factors of m?
2, 3, 41
Let f = -75 + 120. Let q be 4/(-6)*f/(-10). Let v(a) = 5*a**2 + 5*a + 4. What are the prime factors of v(q)?
2
Let x(c) = 27*c - 440. List the prime factors of x(54).
2, 509
Suppose p - 8*p = -2107. List the prime factors of p.
7, 43
Suppose -3*d - d = -116. Let c = 20 - d. Let p = 6 - c. List the prime factors of p.
3, 5
Let d(i) = -8*i - 2. Let r(z) = 16*z + 5. Let k(p) = -7*d(p) - 3*r(p). Let m be k(-3). What are the prime factors of 5/m + 161/5?
2
Suppose -59 = -3*x + 49. Let w = -148 + x. Let t = -47 - w. What are the prime factors of t?
5, 13
Let f(y) = -y**3 - 19*y**2 - 17*y + 20. Let t be f(-18). Let r(z) = -3*z**2 + 33*z**2 + 32*z**t - z. What are the prime factors of r(1)?
61
Suppose -5*q - 16 = 4*j + 31, -3*j = 3*q + 33. Let v be (-2 + -35)/((-4)/j). List the prime factors of (-1 - -2)*(0 - v).
2, 37
Let r(q) = -q**3 - 7*q**2 - 7*q - 4. Suppose 16 = -8*d - 32. Let w be r(d). Suppose 29 = 4*u - w*u + 5*x, -15 = -u - 2*x. What are the prime factors of u?
17
Let w(p) = 14*p**2 - 11*p + 5. Let o be w(4). Suppose 2*a + 0*a - o = -f, a - 94 = -2*f. What are the prime factors of a?
2, 23
Suppose -2*m + 0*a + 5*a + 24 = 0, 4*m - 48 = -2*a. Let b(t) = -t**3 + 12*t**2 - t + 18. Let g be b(12). List the prime factors of 6/(-2) + g + m.
3, 5
Suppose g - 6 = -d, 5*d - 26 = -0*g - 3*g. Suppose -2*w + 336 = g*w. Suppose z = -4*o + 5*z + 104, -3*o = -z - w. What are the prime factors of o?
29
Let j = 3828 - 1845. What are the prime factors of j?
3, 661
Suppose 0 = 2*j + 2*h - 138, 301 = 5*j - j - h. Suppose 3*w = 2*w + j. List the prime factors of w.
2, 37
Suppose g - q - 9 = -0*g, -2*g + 4*q = -18. Let t be 12/g*-3 - -8. Suppose -t*k + 36 = 3*m, 3*k - 3*m - 3 = 3. What are the prime factors of k?
2, 3
Let v(l) = -l. Let z be v(-8). Suppose -h = -5*h - z, -2*h + 8 = 3*q. Suppose -q*j - 22 = -5*p + 152, 2*p - 64 = 3*j. What are the prime factors of p?
2, 19
Let w(g) = g**3 - 3*g**2 - 6*g + 8. Let i be 8*4/(64/4). Let v be -1 + 4 + i*1. List the prime factors of w(v).
2, 7
Suppose t - 16 = -3*t. Suppose w = 5*l - 2*w - 139, l = -t*w + 37. Let s = -21 + l. What are the prime factors of s?
2
Suppose -2977 = -4*g + 491. What are the prime factors of g?
3, 17
Suppose -10*p + 5488 = -17232. What are the prime factors of p?
2, 71
Suppose 2*n + 5*k - 16 - 19 = 0, -k = -n. Suppose n*v + 0*v = 5*g + 90, -49 = -3*v + 4*g. Suppose 2*l = v + 71. What are the prime factors of l?
47
Let o(l) = l**2 - l - 10. Let w be 0/1 - 54/(-3). Suppose 2*h = -3*r - 18, 3*r = 4*h - 0*h + w. What are the prime factors of o(h)?
2
Let r(w) = -w**3 + 7*w**2 - 5*w - 3. Let g = -2 + 8. Let n be r(g). List the prime factors of (0 + 1)/(n/15).
5
What are the prime factors of (-3166)/(-4) - (-51)/(-34)?
2, 5, 79
Let q = 588 + -215. What are the prime factors of q?
373
Let l = 2 + -3. Let o be l + (3 - (2 - 0)). Suppose -2*y + 8 = o, 4*a + 5*y - 36 = y. What are the prime factors of a?
5
Let m be (1*-10)/(1/(-12)). Suppose 0 = -3*v + 4*o - 89, 0*v + 4*o - m = 4*v. Let z = 43 + v. List the prime factors of z.
2, 3
Let n = -1 + 5. Suppose -40 = -g - j, 5*j = -3*g + n*j + 122. Suppose -3*p = 17 - g. What are the prime factors of p?
2
Let r = 14 + -9. Suppose -2*z + 3*z = 2*x + 26, r*z - 18 = 2*x. List the prime factors of (-384)/x - (-21)/(-49).
3
Suppose j + j + 1 = v, -5*v - 13 = -j. Let g(h) = h + 0*h - 2*h**2 + 2 + 6*h**2 + h**3. What are the prime factors of g(v)?
2
Suppose -2*w = -5*k + 1174, -5*w - 73 = -k + 148. What are the prime factors of k?
2, 59
Let d(y) = -2*y**3 + 2*y**2 - 5*y - 2. Let p be (0 - -2) + 30/(-6). What are the prime factors of d(p)?
5, 17
List the prime factors of ((-9849)/105)/((-4)/20).
7, 67
Suppose -5*l + 45 = -4*l + 3*m, -m = -4*l + 167. List the prim